{"id":7126,"date":"2011-07-11T14:16:16","date_gmt":"2011-07-11T12:16:16","guid":{"rendered":"http:\/\/www.carballada.com\/?page_id=7126"},"modified":"2012-04-01T21:56:07","modified_gmt":"2012-04-01T19:56:07","slug":"pics-carballada-com","status":"publish","type":"page","link":"https:\/\/www.carballada.com\/wordpress\/quiensoy\/pics-carballada-com","title":{"rendered":"pics.carballada.com"},"content":{"rendered":"<div class=\"single-metahead\"><span id=\"post-&lt;?php the_ID(); ?&gt;\" class=\"single-title\"><br \/>\npics.carballada.com<br \/>\n<\/span><\/div>\n<div class=\"entrybody\" style=\"margin-top: 30px;\">\n<p>Todas las fotos que voy haciendo con mi tel\u00e9fono m\u00f3vil las puedes consultar en una p\u00e1gina espec\u00edfica que he montado en:<\/p>\n<h1><a href=\"http:\/\/pics.carballada.com\">pics.carballada.com<\/a><\/h1>\n<p><center><a href=\"http:\/\/pics.carballada.com\" rel=\"carballada pics\"><br \/>\n<\/a><\/center><center><a href=\"http:\/\/pics.carballada.com\"><img loading=\"lazy\" class=\"aligncenter size-medium wp-image-7073\" title=\"escritorio con pics.carballada.com\" src=\"http:\/\/www.carballada.com\/wp-content\/uploads\/escritorio-300x168.jpg\" alt=\"\" width=\"300\" height=\"168\" srcset=\"https:\/\/www.carballada.com\/wordpress\/wp-content\/uploads\/escritorio-300x168.jpg 300w, https:\/\/www.carballada.com\/wordpress\/wp-content\/uploads\/escritorio-128x72.jpg 128w, https:\/\/www.carballada.com\/wordpress\/wp-content\/uploads\/escritorio-1024x576.jpg 1024w, https:\/\/www.carballada.com\/wordpress\/wp-content\/uploads\/escritorio.jpg 1920w\" sizes=\"(max-width: 300px) 100vw, 300px\" \/><\/a><a href=\"http:\/\/pics.carballada.com\" rel=\"carballada pics\"><br \/>\n<\/a><\/center><center><br \/>\nLas fotos de mi tel\u00e9fono m\u00f3vil en <a href=\"http:\/\/pics.carballada.com\">pics.carballada.com<\/a><\/center>&nbsp;<\/p>\n<\/div>\n","protected":false},"excerpt":{"rendered":"<p>pics.carballada.com Todas las fotos que voy haciendo con mi tel\u00e9fono m\u00f3vil las puedes consultar en una p\u00e1gina espec\u00edfica que he montado en: pics.carballada.com Las fotos de mi tel\u00e9fono m\u00f3vil en pics.carballada.com&nbsp;<\/p>\n","protected":false},"author":6,"featured_media":0,"parent":15,"menu_order":0,"comment_status":"closed","ping_status":"closed","template":"","meta":[],"_links":{"self":[{"href":"https:\/\/www.carballada.com\/wordpress\/wp-json\/wp\/v2\/pages\/7126"}],"collection":[{"href":"https:\/\/www.carballada.com\/wordpress\/wp-json\/wp\/v2\/pages"}],"about":[{"href":"https:\/\/www.carballada.com\/wordpress\/wp-json\/wp\/v2\/types\/page"}],"author":[{"embeddable":true,"href":"https:\/\/www.carballada.com\/wordpress\/wp-json\/wp\/v2\/users\/6"}],"replies":[{"embeddable":true,"href":"https:\/\/www.carballada.com\/wordpress\/wp-json\/wp\/v2\/comments?post=7126"}],"version-history":[{"count":20,"href":"https:\/\/www.carballada.com\/wordpress\/wp-json\/wp\/v2\/pages\/7126\/revisions"}],"predecessor-version":[{"id":8065,"href":"https:\/\/www.carballada.com\/wordpress\/wp-json\/wp\/v2\/pages\/7126\/revisions\/8065"}],"up":[{"embeddable":true,"href":"https:\/\/www.carballada.com\/wordpress\/wp-json\/wp\/v2\/pages\/15"}],"wp:attachment":[{"href":"https:\/\/www.carballada.com\/wordpress\/wp-json\/wp\/v2\/media?parent=7126"}],"curies":[{"name":"wp","href":"https:\/\/api.w.org\/{rel}","templated":true}]}}